8*l + 9*l = 3184, 2*l = -5*j + 3980. What is the tens digit of j?
9
Let p = -3 + -7. Let x be (-36)/p + (-10)/(-25). Suppose x*i - 7 = 1. What is the units digit of i?
2
Suppose -9*x = -1191 - 573. What is the hundreds digit of x?
1
What is the hundreds digit of 152/(-12)*174/(-4)?
5
Suppose -16*g + 8*g + 880 = 0. What is the hundreds digit of g?
1
Let o(d) = -3*d - 20. Let n be o(-8). Suppose -2*h = -n*s + 2*h + 72, -4*s - 2*h = -90. Suppose -6*b + 267 = s. What is the tens digit of b?
4
Let m be -4 + (-246)/(-21) + (-8)/(-28). What is the units digit of (m - 4)/4*245?
5
What is the units digit of 73/365 - (-7079)/5?
6
Let k(t) = 95*t**2 - 14*t - 12. What is the tens digit of k(-1)?
9
Suppose i - 1029 = -2*s, 50*s = 54*s + i - 2059. What is the hundreds digit of s?
5
Let s be (-22)/5 - ((-88)/20 + 4). What is the units digit of ((-4)/5)/(6/(-296 + s))?
0
Let l = -1176 - -2355. What is the hundreds digit of l?
1
Let h(u) = -3*u - 11. Let s be h(-7). Suppose 180 = 5*b + s. Let w = b + -3. What is the units digit of w?
1
Let o(n) be the first derivative of n**4/4 - n**2/2 + 1. What is the tens digit of o(3)?
2
Suppose f + 7513 = 3*q, -2*q - 4*f = 3*q - 12550. What is the hundreds digit of q?
5
Suppose 5*g + 5819 = -22*n + 25*n, 3*g - 5835 = -3*n. What is the units digit of n?
3
Let y(g) = -g**2 + 8*g - 7. Let k be y(5). Let j be k/(-6)*30/(-4). Suppose -n - 64 = -3*f + 3*n, -j = -5*n. What is the units digit of f?
4
Suppose 4*m + 69 - 1025 = 0. Let v = m - 93. What is the tens digit of v?
4
Suppose 0 = k - 2*t - 4, k + 3*t + 8 = 2*k. Let w(f) = 355*f - 4. Let d be w(k). What is the tens digit of 1/2 - d/32?
4
What is the units digit of (374/51)/((-2)/(-462))?
4
What is the hundreds digit of (-8)/(40/25) + 1913 + 1?
9
Suppose 21*f + 14*f - 11900 = 0. What is the units digit of f?
0
Let n be (1 + 254)*(-4)/(-6). Suppose 2*j - n = 124. What is the hundreds digit of j?
1
Suppose 2*w + h = 11265, -5*w - 2*h = 1847 - 30009. What is the units digit of w?
2
Let x be -4 + -103 - (-6)/(-3). Let w = 64 - x. What is the units digit of w?
3
Suppose -3*p + 3 = 3*g, 10 - 35 = -g + 5*p. Suppose g*n = 2*t + 44, -3*n = -5*t + 1 - 35. Let o = 5 + n. What is the tens digit of o?
1
Suppose 3*m = m + 356. Let z = -125 + m. Suppose -5*d + 121 = y, -4*d + z + 46 = 3*y. What is the tens digit of d?
2
Let m be (-15)/6 - (-2)/(-4). What is the units digit of (2 - 0) + (-75)/m?
7
Let i be (18/(-4))/(-9)*119*2. Suppose 0*y + i = 5*y + m, 2*y - 62 = -4*m. What is the tens digit of y?
2
Let r(j) = j - 1. Let f(w) = -8*w + 7. Let s(a) = f(a) + 5*r(a). Let k be (-37)/4 - 3/(-12). What is the tens digit of s(k)?
2
Suppose w - 4*w - 15 = 0, 0 = 2*f + 2*w + 8. What is the units digit of (1/3 - f)/((-6)/477)?
3
Suppose 3*a - 57624 = -18*a. What is the thousands digit of a?
2
Let o(g) = g**3 + 20*g**2 - 2*g + 5. What is the hundreds digit of o(-9)?
9
Let i = 188 + -155. Let a = 74 + -113. Let g = i - a. What is the units digit of g?
2
Suppose -152*r = -156*r + 1356. What is the hundreds digit of r?
3
What is the thousands digit of 0 + -6 + 4582 - -2?
4
Suppose -25*b + 82*b = 76209. What is the hundreds digit of b?
3
Let w(k) = -k**3 + 10*k**2 - 2*k + 9. Let o be w(10). Let z be (-6)/(-33) - 1098/o. Suppose -3*q + a + 106 = -z, 2*a + 4 = 0. What is the tens digit of q?
6
Let v(l) = l**3 + 5*l**2 + 3*l + 4. Let d = 10 - 4. Suppose -d - 6 = 4*p. What is the tens digit of v(p)?
1
Let x(a) be the third derivative of 13*a**5/30 - 3*a**4/4 - a**2 + 3*a. What is the hundreds digit of x(-2)?
1
Suppose -t - 1223 = -6*t + x, -8 = -4*x. Let n = 354 - t. What is the hundreds digit of n?
1
Let n = -7 - -10. Let j(o) = o**3 - 3*o**2 - o. Let c be j(n). What is the units digit of 9 + ((-6)/c)/1?
1
Let v = 3169 - 1293. What is the thousands digit of v?
1
Let r(g) = -4*g - 20. Let u be r(-8). What is the units digit of (2/u)/((-1)/(-51))*6?
1
Suppose 5*y - 1911 = -2*r, -5*r + 5*y + 1421 = -3409. Let a be r/36 + (-1)/(-4). Suppose g + 5*s - a = 0, 3*g = -g - 3*s + 91. What is the units digit of g?
2
Let m = -2432 - -3479. What is the tens digit of m?
4
Suppose 5 = 3*j + a, 3 = -3*a - 0. Suppose h - 4 = 0, 4*y + 2 = h + 18. Suppose -4*b = -y*n + 76, -n + j*b = -3*n + 16. What is the units digit of n?
2
Let v be (-46)/(-4)*(17 - 15). Let x = v - -4. What is the units digit of x?
7
Let l(b) = 2*b**3 + 79*b**2 - 114*b - 81. What is the tens digit of l(-40)?
7
Let t be -2 + (-6)/(-8)*4. What is the units digit of (-3 - 1) + t + (1 - -240)?
8
Suppose 1651 = 4*z - w, -z - 3*w - 833 = -3*z. What is the hundreds digit of z?
4
Suppose 5*o - 2*w + 5*w = -2, 2*o - 20 = 4*w. Let s(q) = 13*q**2 - 20*q**2 + 5 + 12*q**o - q**3 + 2*q - 4. What is the units digit of s(4)?
5
Let f be (2/(-1))/((-8)/4). Let y be (-1 - -1)/(f/(-1)). Let j = y - -27. What is the units digit of j?
7
Suppose x + 1 = -2. Let d(n) = -n - 2. Let v(w) = w + 1. Let q(f) = x*v(f) - 4*d(f). What is the tens digit of q(11)?
1
Suppose 2*y + 20 = 12. What is the units digit of (5/(15/y))/((-28)/2394)?
4
Suppose 0*t + 3*t - 144 = 0. Suppose -p = -2*v - 5 - 4, -2*p + t = 2*v. Let k = 20 - p. What is the units digit of k?
1
Let x(w) = -3*w**2 - 9*w + 1. Let m(u) = -u**2 + u. Let c(a) = -2*m(a) + x(a). Let n(k) = 2*k + 1. Let y be n(-4). What is the units digit of c(y)?
9
Let v = -14 + 8. Let p(b) = -b - 16. Let h be p(v). What is the tens digit of h/(-15) + (-130)/(-3)?
4
Let k(h) = 10 + 5*h - 343*h**2 + 342*h**2 - 24*h. What is the tens digit of k(-15)?
7
Let t = -29 - -8. Let d be (-73)/3*t/7. Suppose -4*l + 163 = 2*a + 3*a, d = 2*a - l. What is the units digit of a?
5
Let f(k) = 10*k + 1010. Let h be f(0). Suppose y - 401 = p - 3*p, -5*p = y - h. What is the tens digit of p?
0
Suppose -5*l = 4*d - 2591, -2*l = 4*d - 1164 - 1430. Suppose -5*y - 3*m = -1023, -d = -3*y - 5*m - 48. Suppose -6*j + y = -9. What is the tens digit of j?
3
Let o be -2 + (0 - 165/5). Let g = o + 94. What is the units digit of g?
9
Let q = -227 - -130. Let c = 149 - -16. Let w = c + q. What is the units digit of w?
8
Let d be (-6)/18 + 8/(-3). Suppose 5*c = -3*p + 385, -5*p + 321 = 6*c - 2*c. What is the tens digit of d/6 + c/4?
1
Let i be 1*4 + 18 + -19. Let z be 3/i - (-14 + 0). What is the tens digit of 4/(-3 - -4) + z?
1
Let n = 676 + -388. What is the hundreds digit of n?
2
Suppose 3*o - 16 = 44. Let s = o - -18. Suppose 2*m - 6 = m - n, -3*m = -2*n - s. What is the tens digit of m?
1
Let v be -1*5/20*-244. Let n = 42 - v. Let y = 22 - n. What is the units digit of y?
1
Let g be (-3 - -1) + (2/2 - -1). Let p = 135 - g. What is the units digit of p?
5
Let x be -2 + 8/6 - 2440/(-15). Let b = x + -80. What is the units digit of b?
2
Let k be (20/8)/((-15)/(-12)). Suppose -k*n - g + 3*g - 28 = 0, -4*g = 4. Let t = n - -27. What is the tens digit of t?
1
Suppose -2*t + 0*t = 4. Let j be 7 - (1 - (-1 + t)). Suppose n - j*n = -42. What is the units digit of n?
1
Let q(n) = -n**2 - 4*n + 7. Let b be q(-5). Let o(j) = j**2 + j. Let h be o(b). Suppose 0 = 5*p + y - h*y - 50, 3*p - 4*y = 26. What is the units digit of p?
4
Let m be (-6)/(-15) - 47/5. Let a be (m/2)/(9/54). Let t = a - -61. What is the tens digit of t?
3
Let d(b) = -b**3 + 28*b**2 - 25*b - 6. What is the tens digit of d(27)?
4
Suppose 3*x - 4 = 2*x. Let a be x*1/8*8. Suppose 5*k + a*y - 70 = 60, -y - 125 = -4*k. What is the tens digit of k?
3
Suppose -q - 20 = -2*j, 2*q + 5*j - 4*j + 55 = 0. What is the units digit of ((-6)/(-5))/(q/(-1365))?
3
Let q = -10 - -13. Suppose -l - q*o + 2*o + 1 = 0, -2 = o. Let d(k) = 6*k - 6. What is the units digit of d(l)?
2
Let k(b) = -b**2 - 7*b. Suppose -2*i = -4*p - 6, 5*i + 5*p + 41 - 11 = 0. Let g be k(i). What is the tens digit of ((-43)/3)/((-4)/g)?
4
What is the hundreds digit of -6 - 11/((-55)/2775)?
5
Suppose -3*l + 40 = -7*l. What is the tens digit of 15/l*(-1816)/12?
2
Let s be (-60)/(-14) - (-24)/(-84). Suppose 0*y = x + 3*y - 8, 76 = s*x + y. Suppose -3*z - 1 + 5 = -p, 5*z = -p + x. What is the units digit of z?
3
Suppose 0 = 19*u - 45*u + 36816. What is the thousands digit of u?
1
Suppose 11*m - 1687 - 524 = 0. Let c = m + -79. What is the tens digit of c?
2
Suppose 5*v - 27 = -y - 4, y = -4*v + 18. Suppose 0 = -v*a + 25, -2*l - 2*a + 146 = -0*l. What is the units di